{"id":12324,"date":"2021-04-09T16:46:46","date_gmt":"2021-04-09T14:46:46","guid":{"rendered":"https:\/\/kammeleon.si\/?post_type=product&#038;p=12324"},"modified":"2022-09-10T08:45:38","modified_gmt":"2022-09-10T06:45:38","slug":"ogrlica-angel-kamena-strela","status":"publish","type":"product","link":"https:\/\/kammeleon.si\/?product=ogrlica-angel-kamena-strela","title":{"rendered":"Ogrlica angel KAMENA STRELA"},"content":{"rendered":"<p><span style=\"vertical-align: inherit;\"><span style=\"vertical-align: inherit;\">Angeli so \u010dudovita bitja svetlobe, ki nam ljube\u010de pomagajo pri izpolnjevanju \u017eivljenjskega imena in poslanstva.<\/span><\/span><\/p>\n<p><span style=\"vertical-align: inherit;\"><span style=\"vertical-align: inherit;\">Kamena strela je eden najmo\u010dnej\u0161ih kristalov. <\/span><span style=\"vertical-align: inherit;\">\u010cistI in nevtralizira negativno energijo. <\/span><span style=\"vertical-align: inherit;\">Krepi telo in duha, uskljajuje um in varuje pred vsemi negativnimi energijami.<\/span><\/span><\/p>\n<p><span style=\"vertical-align: inherit;\"><span style=\"vertical-align: inherit;\">Slika je simboli\u010dna, saj gre za naravne kristale, ki se lahko med seboj razlikuje v barvah in oblikah.<\/span><\/span><\/p>\n","protected":false},"excerpt":{"rendered":"<p><span style=\"vertical-align: inherit;\"><span style=\"vertical-align: inherit;\">Ogrlica angel AMETIST, na veri\u017eici iz jekla.<\/span><\/span><\/p>\n","protected":false},"featured_media":12321,"comment_status":"open","ping_status":"closed","template":"","meta":[],"_links":{"self":[{"href":"https:\/\/kammeleon.si\/index.php?rest_route=\/wp\/v2\/product\/12324"}],"collection":[{"href":"https:\/\/kammeleon.si\/index.php?rest_route=\/wp\/v2\/product"}],"about":[{"href":"https:\/\/kammeleon.si\/index.php?rest_route=\/wp\/v2\/types\/product"}],"replies":[{"embeddable":true,"href":"https:\/\/kammeleon.si\/index.php?rest_route=%2Fwp%2Fv2%2Fcomments&post=12324"}],"wp:featuredmedia":[{"embeddable":true,"href":"https:\/\/kammeleon.si\/index.php?rest_route=\/wp\/v2\/media\/12321"}],"wp:attachment":[{"href":"https:\/\/kammeleon.si\/index.php?rest_route=%2Fwp%2Fv2%2Fmedia&parent=12324"}],"curies":[{"name":"wp","href":"https:\/\/api.w.org\/{rel}","templated":true}]}}