{"id":12300,"date":"2021-04-07T15:20:46","date_gmt":"2021-04-07T13:20:46","guid":{"rendered":"https:\/\/kammeleon.si\/?post_type=product&#038;p=12300"},"modified":"2025-04-01T13:48:58","modified_gmt":"2025-04-01T11:48:58","slug":"ogrlica-drevo-zivljenja-tigrovo-oko","status":"publish","type":"product","link":"https:\/\/kammeleon.si\/?product=ogrlica-drevo-zivljenja-tigrovo-oko","title":{"rendered":"Ogrlica DREVO \u017dIVLJENJA tigrovo oko"},"content":{"rendered":"<p>Drevo \u017eivljenja predstavlja ponovno rojstvo, rast in dru\u017eino. Kot veje na drevesu, skozi celotno \u017eivljenjsko pot, rastemo v razli\u010dne smeri; nikoli pa ne smemo pozabiti na na\u0161e korenine.<\/p>\n<p>TIGROVO OKO je kamen mo\u010di. Je za\u0161\u010ditni kamen, ki prina\u0161a sre\u010do. Pomaga nam zbistriti misli.<\/p>\n<p>Razpr\u0161i strah in zaskrbljenost. Uravnove\u0161a energije in \u010dustva.<\/p>\n","protected":false},"excerpt":{"rendered":"<p>Drevo \u017eivljenja, tigrovo oko nam pomaga pri samozaupanju.<\/p>\n","protected":false},"featured_media":12301,"comment_status":"open","ping_status":"closed","template":"","meta":[],"_links":{"self":[{"href":"https:\/\/kammeleon.si\/index.php?rest_route=\/wp\/v2\/product\/12300"}],"collection":[{"href":"https:\/\/kammeleon.si\/index.php?rest_route=\/wp\/v2\/product"}],"about":[{"href":"https:\/\/kammeleon.si\/index.php?rest_route=\/wp\/v2\/types\/product"}],"replies":[{"embeddable":true,"href":"https:\/\/kammeleon.si\/index.php?rest_route=%2Fwp%2Fv2%2Fcomments&post=12300"}],"wp:featuredmedia":[{"embeddable":true,"href":"https:\/\/kammeleon.si\/index.php?rest_route=\/wp\/v2\/media\/12301"}],"wp:attachment":[{"href":"https:\/\/kammeleon.si\/index.php?rest_route=%2Fwp%2Fv2%2Fmedia&parent=12300"}],"curies":[{"name":"wp","href":"https:\/\/api.w.org\/{rel}","templated":true}]}}