{"id":12127,"date":"2020-12-13T19:25:13","date_gmt":"2020-12-13T18:25:13","guid":{"rendered":"https:\/\/kammeleon.si\/?post_type=product&#038;p=12127"},"modified":"2021-04-09T12:27:08","modified_gmt":"2021-04-09T10:27:08","slug":"disece-palcke-4","status":"publish","type":"product","link":"https:\/\/kammeleon.si\/?product=disece-palcke-4","title":{"rendered":"Di\u0161e\u010de pal\u010dke Satya GOLDEN ERA"},"content":{"rendered":"<p>Di\u0161e\u010de pal\u010dke satya GOLDEN ERA 15g.<\/p>\n<p>Ro\u010dno izdelane pal\u010dke iz Indije.<\/p>\n<p>Odi\u0161avite svoj dom ali pisarno s priljubljeno di\u0161avo in si oddahnite od vsakodnevnega stresa. Di\u0161e\u010de pal\u010dke<strong>\u00a0<\/strong>ustvarjajo prijetno vzdu\u0161je in delujejo pozitivno na psihi\u010dno po\u010dutje.<\/p>\n<p>Di\u0161e\u010do pal\u010dko namestite v stojalo za kadila, pri\u017egite konico pal\u010dke, ko pal\u010dka zagori s plamenom, jo previdno upihnite.<\/p>\n<p>Di\u0161e\u010de pal\u010dke uporabljajte samo za odi\u0161avljenje prostora. Pri\u017eigajte vedno stran od vnetljivih predmetov. Ne pu\u0161\u010dajte pri\u017egane di\u0161e\u010de pal\u010dke nenadzorovane. Poskrbite, da pepel pada na podstavek ali negore\u010do podlago.<\/p>\n","protected":false},"excerpt":{"rendered":"<p>Di\u0161e\u010de pal\u010dke Satya GOLDEN ERA, 15g.<\/p>\n","protected":false},"featured_media":12129,"comment_status":"open","ping_status":"closed","template":"","meta":[],"_links":{"self":[{"href":"https:\/\/kammeleon.si\/index.php?rest_route=\/wp\/v2\/product\/12127"}],"collection":[{"href":"https:\/\/kammeleon.si\/index.php?rest_route=\/wp\/v2\/product"}],"about":[{"href":"https:\/\/kammeleon.si\/index.php?rest_route=\/wp\/v2\/types\/product"}],"replies":[{"embeddable":true,"href":"https:\/\/kammeleon.si\/index.php?rest_route=%2Fwp%2Fv2%2Fcomments&post=12127"}],"wp:featuredmedia":[{"embeddable":true,"href":"https:\/\/kammeleon.si\/index.php?rest_route=\/wp\/v2\/media\/12129"}],"wp:attachment":[{"href":"https:\/\/kammeleon.si\/index.php?rest_route=%2Fwp%2Fv2%2Fmedia&parent=12127"}],"curies":[{"name":"wp","href":"https:\/\/api.w.org\/{rel}","templated":true}]}}