{"id":11779,"date":"2020-11-17T21:00:44","date_gmt":"2020-11-17T20:00:44","guid":{"rendered":"https:\/\/kammeleon.si\/?post_type=product&#038;p=11779"},"modified":"2020-12-03T20:50:31","modified_gmt":"2020-12-03T19:50:31","slug":"oglica-iz-poldragega-kamna","status":"publish","type":"product","link":"https:\/\/kammeleon.si\/?product=oglica-iz-poldragega-kamna","title":{"rendered":"Ogrlica KAMENA STRELA"},"content":{"rendered":"<p>Kamena strela je kristal, ki podpira delovanje kronske \u010dakre. Sprejema in oddaja energijo. Rimljani so verjeli, da vsebuje energijo bogov, ki dajejo mo\u010d, pogum in modrost. Je univerzalen kamen,ki bi ga moral imeti vsak. Velja, da je mo\u010dan vir energije, krepi energijsko polje, spodbuja delovanje mo\u017eganov, krepi imunski sistem. Aktivira vse ravni zavesti, du\u0161i daje harmonijo.<\/p>\n<p>Uporabljamo ga za za\u0161\u010dito pred sevanji ra\u010dunalnikov in zemeljskim sevanjem.<\/p>\n<p>&nbsp;<\/p>\n<p><strong>Slika je simboli\u010dna, saj gre za naraven, unikaten kamen, ki se lahko med seboj razlikuje po barvi.<\/strong><\/p>\n","protected":false},"excerpt":{"rendered":"<p>Kamena strela sprejema in krepi energijsko polje in imunski sistem.<\/p>\n","protected":false},"featured_media":11786,"comment_status":"open","ping_status":"closed","template":"","meta":[],"_links":{"self":[{"href":"https:\/\/kammeleon.si\/index.php?rest_route=\/wp\/v2\/product\/11779"}],"collection":[{"href":"https:\/\/kammeleon.si\/index.php?rest_route=\/wp\/v2\/product"}],"about":[{"href":"https:\/\/kammeleon.si\/index.php?rest_route=\/wp\/v2\/types\/product"}],"replies":[{"embeddable":true,"href":"https:\/\/kammeleon.si\/index.php?rest_route=%2Fwp%2Fv2%2Fcomments&post=11779"}],"wp:featuredmedia":[{"embeddable":true,"href":"https:\/\/kammeleon.si\/index.php?rest_route=\/wp\/v2\/media\/11786"}],"wp:attachment":[{"href":"https:\/\/kammeleon.si\/index.php?rest_route=%2Fwp%2Fv2%2Fmedia&parent=11779"}],"curies":[{"name":"wp","href":"https:\/\/api.w.org\/{rel}","templated":true}]}}