{"id":11228,"date":"2020-11-02T19:03:11","date_gmt":"2020-11-02T19:03:11","guid":{"rendered":"http:\/\/kammeleon.si\/?post_type=product&#038;p=11228"},"modified":"2020-11-02T20:15:16","modified_gmt":"2020-11-02T20:15:16","slug":"okrogli-uhani-hematit","status":"publish","type":"product","link":"https:\/\/kammeleon.si\/?product=okrogli-uhani-hematit","title":{"rendered":"Uhani HEMATIT 6mm"},"content":{"rendered":"<p><strong>\u00a0Uhaniiz poldragega kamna HEMATIT<\/strong><\/p>\n<p>Hematit je odli\u010den kristal za prizemljitev, saj vsebuje mo\u010dan element zemlje, ki krepi na\u0161o vez z zemljo in nam daje ob\u010dutek varnosti in doma\u010dnosti.<\/p>\n<p>Hematit<\/p>\n<ul>\n<li>\u010disti in \u0161\u010diti auro,<\/li>\n<li>prizemljuje,<\/li>\n<li>odganja negativne energije,<\/li>\n<li>odpravlja strahove,<\/li>\n<li>zmanj\u0161uje napetost,<\/li>\n<li>izbolj\u0161a krvni pretok.<\/li>\n<\/ul>\n<p>Pravijo mu tudi \u010drni diamant. Hematit se uporablja za nakit \u017ee dolgo. \u017de stari Egip\u010dani so vedeli, da hematit izbolj\u0161a kri. Rimljani so ga povezovali z bogom vojne Marsom, zato so v boj vedno nosili ta kristal, saj so verjeli, da so tako nepremagljivi. Surov v naravi je rde\u010de barve in \u0161ele ko se obdela, postane zna\u010dilne svetle\u010de barve. Hematit ima visoko vsebnost \u017eeleza. Obi\u010dajno nastaja v povezavi s stoje\u010do vodo, na dnu jezer ali pa zaradi vulkanske aktivnosti. Najve\u010dja najdi\u0161\u010da najdemo v ZDA, Braziliji, Venezueli, Kanadi, \u010cilu in Avstraliji.<\/p>\n<p>Hematit ugodno vpliva na telo, tako da zmanj\u0161uje napetost in izbolj\u0161a fizi\u010dne zmogljivosti. Uporablja se za izbolj\u0161anje krvne slike in delovanja ledvic ter drugih organov. Uporablja se tudi za laj\u0161anje kr\u010dev v nogah. Hematit pove\u010duje raven kisika v telesu ter vsebuje mo\u010dan element zemlje, ki ugodno vpliva na fizi\u010dno telo.<\/p>\n<p>&nbsp;<\/p>\n","protected":false},"excerpt":{"rendered":"<p>Uhani hematit, jeklo, 6mm<\/p>\n<p>Hematit\u00a0 je kamen prizemljitve in za\u0161\u010dite.<\/p>\n","protected":false},"featured_media":11235,"comment_status":"open","ping_status":"closed","template":"","meta":[],"_links":{"self":[{"href":"https:\/\/kammeleon.si\/index.php?rest_route=\/wp\/v2\/product\/11228"}],"collection":[{"href":"https:\/\/kammeleon.si\/index.php?rest_route=\/wp\/v2\/product"}],"about":[{"href":"https:\/\/kammeleon.si\/index.php?rest_route=\/wp\/v2\/types\/product"}],"replies":[{"embeddable":true,"href":"https:\/\/kammeleon.si\/index.php?rest_route=%2Fwp%2Fv2%2Fcomments&post=11228"}],"wp:featuredmedia":[{"embeddable":true,"href":"https:\/\/kammeleon.si\/index.php?rest_route=\/wp\/v2\/media\/11235"}],"wp:attachment":[{"href":"https:\/\/kammeleon.si\/index.php?rest_route=%2Fwp%2Fv2%2Fmedia&parent=11228"}],"curies":[{"name":"wp","href":"https:\/\/api.w.org\/{rel}","templated":true}]}}