{"id":11130,"date":"2020-10-29T10:30:37","date_gmt":"2020-10-29T09:30:37","guid":{"rendered":"http:\/\/kammeleon.si\/?post_type=product&#038;p=11130"},"modified":"2022-11-08T14:09:03","modified_gmt":"2022-11-08T13:09:03","slug":"disece-palcke-padmini-klincki","status":"publish","type":"product","link":"https:\/\/kammeleon.si\/?product=disece-palcke-padmini-klincki","title":{"rendered":"Di\u0161e\u010de pal\u010dke Padmini KLIN\u010cKI"},"content":{"rendered":"<p>Va\u0161 dom se bo transformiral v nov svet z vonji, ki oddajajo svetlobo in mir. Te di\u0161e\u010de pal\u010dke so narejene v Indiji z ro\u010dnim valjanjem \u010distih ekstraktov eteri\u010dnih olj.<br \/>\n<b><\/b><\/p>\n<p><b>Opozorilo:<\/b> Kadilo uporabljajte samo za odi\u0161avljanje prostora, ne nana\u0161ajte ga neposredno na telo ali obla\u010dila. Pri\u017eigajte vedno stran od vnetljivih predmetov in materialov. Ne pu\u0161\u010dajte pri\u017egane di\u0161e\u010de pal\u010dke nenadzorovane. Poskrbite, da pepel pada na podstavek ali negore\u010do podlogo. Uporabljajte samo v odprtih ali dobro prezra\u010devanih prostorih. Dr\u017eite stran od dosega otrok in \u017eivali.<\/p>\n<p>Di\u0161e\u010de pal\u010dke:<br \/>\n\u2013 vsebujejo 20 pal\u010dk v \u0161katlici,<br \/>\n\u2013 so pakirane v reciklirani embala\u017ei,<br \/>\n\u2013 gorijo pribli\u017eno 30 min.<\/p>\n","protected":false},"excerpt":{"rendered":"<p>Di\u0161e\u010de pal\u010dke Padmini KLIN\u010cKI vsebujejo 20 pal\u010dk. Vonj, ki osve\u017ei in razvedri splo\u0161no po\u010dutje. So ro\u010dno izdelane.<\/p>\n","protected":false},"featured_media":11543,"comment_status":"open","ping_status":"closed","template":"","meta":[],"_links":{"self":[{"href":"https:\/\/kammeleon.si\/index.php?rest_route=\/wp\/v2\/product\/11130"}],"collection":[{"href":"https:\/\/kammeleon.si\/index.php?rest_route=\/wp\/v2\/product"}],"about":[{"href":"https:\/\/kammeleon.si\/index.php?rest_route=\/wp\/v2\/types\/product"}],"replies":[{"embeddable":true,"href":"https:\/\/kammeleon.si\/index.php?rest_route=%2Fwp%2Fv2%2Fcomments&post=11130"}],"wp:featuredmedia":[{"embeddable":true,"href":"https:\/\/kammeleon.si\/index.php?rest_route=\/wp\/v2\/media\/11543"}],"wp:attachment":[{"href":"https:\/\/kammeleon.si\/index.php?rest_route=%2Fwp%2Fv2%2Fmedia&parent=11130"}],"curies":[{"name":"wp","href":"https:\/\/api.w.org\/{rel}","templated":true}]}}