{"id":10879,"date":"2020-10-27T12:14:40","date_gmt":"2020-10-27T11:14:40","guid":{"rendered":"http:\/\/kammeleon.si\/?post_type=product&#038;p=10879"},"modified":"2022-06-23T13:57:16","modified_gmt":"2022-06-23T11:57:16","slug":"beli-zajbelj-2","status":"publish","type":"product","link":"https:\/\/kammeleon.si\/?product=beli-zajbelj-2","title":{"rendered":"BELI \u017dAJBELJ 15cm"},"content":{"rendered":"<p>Indijansko kadilo beli \u017eajbelj raste vzdol\u017e kalifornijskega obalnega gorovja.Je eno najmo\u010dnej\u0161ih zeli\u0161\u010d z bogato aromo in mo\u010dnim dimljenjem.Zaradi svojega \u0161irokega spektra koristnih u\u010dinkov med avtohtonimi Ameri\u010dani (Indijanci) \u017ee od nekdaj velja za svetega.S pri\u017eiganjem pre\u010distimo um, telo in duha.Iz starih kultur izhaja prepri\u010danje, da v prostor, kjer se uporablja \u017eajbelj, slabe sile ne morejo vstopiti.<\/p>\n","protected":false},"excerpt":{"rendered":"<p>Indijansko kadilo beli \u017eajbelj je mo\u010dni \u010distilec prostorov, uravnove\u0161a in odpira pot sve\u017ei energiji.<\/p>\n","protected":false},"featured_media":10880,"comment_status":"open","ping_status":"closed","template":"","meta":[],"_links":{"self":[{"href":"https:\/\/kammeleon.si\/index.php?rest_route=\/wp\/v2\/product\/10879"}],"collection":[{"href":"https:\/\/kammeleon.si\/index.php?rest_route=\/wp\/v2\/product"}],"about":[{"href":"https:\/\/kammeleon.si\/index.php?rest_route=\/wp\/v2\/types\/product"}],"replies":[{"embeddable":true,"href":"https:\/\/kammeleon.si\/index.php?rest_route=%2Fwp%2Fv2%2Fcomments&post=10879"}],"wp:featuredmedia":[{"embeddable":true,"href":"https:\/\/kammeleon.si\/index.php?rest_route=\/wp\/v2\/media\/10880"}],"wp:attachment":[{"href":"https:\/\/kammeleon.si\/index.php?rest_route=%2Fwp%2Fv2%2Fmedia&parent=10879"}],"curies":[{"name":"wp","href":"https:\/\/api.w.org\/{rel}","templated":true}]}}